of j.
2, 271
Suppose -241*y - 62437 = -246*y + m, -4*y + 49940 = 4*m. List the prime factors of y.
12487
Let z = -53 - -56. Suppose 0 = z*d + 2*a - 16, a + a = -d + 4. List the prime factors of 1/1*-3*(-208)/d.
2, 13
Let j be -2 + 0 + -11 + 10. List the prime factors of j + -3 + (1273 - 5).
2, 631
Let n(m) = 48*m - 2. Let v be n(-2). Let a = v - -94. List the prime factors of (70 - -2)/a*31/(-3).
2, 3, 31
Let j(g) = 159*g**3 + g**2 + 3*g - 7. Let m be j(-3). What are the prime factors of m/50*38/(-4)?
19, 43
Let o(s) = -11*s - 6 + 9 - 22 - 6. List the prime factors of o(-12).
107
Suppose 52015 = 61*v - 62726. What are the prime factors of v?
3, 11, 19
Let b = -483 - -30. Let p = b + 837. Suppose 0 = 6*i - p - 114. List the prime factors of i.
83
Let j = -17330 + 24882. List the prime factors of j.
2, 59
Let f(g) = 15*g - 5. Let a be 16/12 + 40/15. Suppose 0 = p - 5, p + a*p = 2*t + 13. List the prime factors of f(t).
5, 17
Let j = 305 + -305. Suppose 82*c - 90*c + 1392 = j. What are the prime factors of c?
2, 3, 29
Let v be 4/(-10)*(-80 - -35). Suppose -v*p + 20851 + 4151 = 0. List the prime factors of p.
3, 463
Let t = 96215 - 10767. List the prime factors of t.
2, 11, 971
Let v(a) be the first derivative of 19*a**2/2 + 13*a + 2. Let g = 12 - 8. What are the prime factors of v(g)?
89
Suppose 2*f - 20 = -5*v - 25, 2*v + 2 = 3*f. Suppose 2*a - 5*m - 3048 = -3*m, 4*a - 2*m - 6086 = f. What are the prime factors of a?
7, 31
Let j = -21648 - -34642. What are the prime factors of j?
2, 73, 89
Let w(o) = -o + 4. Let d be w(-2). Suppose -660 = -d*a + 204. Suppose 4*s - 152 = -2*t, 4*s = -0*t + 2*t - a. List the prime factors of t.
2, 37
Let i(d) be the second derivative of 3*d**3/2 - 41*d**2/2 + 2*d. Let b be (-240 + 226)*(1 + -2). What are the prime factors of i(b)?
5, 17
Suppose -14 + 10 = -2*j. Suppose b = 3*u - 1943, 0 = -j*u + 8*b - 9*b + 1302. What are the prime factors of u?
11, 59
Let f(w) = -479*w - 1957. List the prime factors of f(-5).
2, 3, 73
Let y = 103 + 51. Let n be ((-12)/(-14))/((-22)/y). List the prime factors of 0 + 9/n*-96.
2, 3
Let a(p) = -7*p**3 + 7*p**2 + 29 + 6*p**3 + 28*p + 12*p**2. Let g be a(20). Suppose -5*h = 2*o - 173, 4*h = -4*o - g + 529. What are the prime factors of o?
2, 3, 7
Let c be (-3)/6 - 68/(-8). Let j be (c + (3 - 1))/2. Suppose -823 = -j*q + 142. List the prime factors of q.
193
List the prime factors of 260315/22 + (2/(-5))/(36/(-45)).
11833
Suppose -23*n = -59239 - 52012. List the prime factors of n.
7, 691
Let l(t) = -57*t**2 - 51*t - 119. Let y(k) = 29*k**2 + 26*k + 59. Let x(a) = -3*l(a) - 5*y(a). What are the prime factors of x(-6)?
2, 5, 43
Let l(u) = u**3 + 46*u**2 + 155*u - 21. List the prime factors of l(-22).
5, 1637
Let x(h) = 214*h - 21. List the prime factors of x(5).
1049
Suppose -271 = -5*h + 2*z - z, 4*z + 4 = 0. Let l be ((-498)/415)/((-6)/10). Suppose 0 = l*s - 2*c - 124, s = -0*s + 5*c + h. List the prime factors of s.
2
Suppose b - 11 = 4*s, 0 = 2*b - 3*s + 5 - 37. Suppose 0 = 14*g - b*g + 20. Suppose 5*k - d = g*d + 720, -428 = -3*k + 5*d. What are the prime factors of k?
2, 73
Let q be (3*(-10)/6 - -7) + -14. What are the prime factors of ((-2586)/q)/((-4)/(-8))?
431
Suppose 904851 = 42*a - 385935. List the prime factors of a.
73, 421
Let d be 9/((-135)/10)*-3. Suppose 57 = -x - 3*i, -d*x + 0*x + 5*i = 114. Let p = 88 + x. What are the prime factors of p?
31
Let q be (-9)/(27/(-15))*1. Suppose 2*w = -b + 1014, -16*w = -15*w + q*b - 525. List the prime factors of w.
5, 101
Let w(o) = -300*o - 139. Let d be w(5). Let z = 2629 + d. List the prime factors of z.
2, 3, 5, 11
Let k(u) = 17*u + 107. Let x be k(0). Suppose q - 2*q - 41 = 0. Let n = q + x. What are the prime factors of n?
2, 3, 11
Suppose 2*i = -3*f + 326, -f - 2*i = -0*f - 114. Suppose 0*g = 3*g + 4*c - f, -4*c + 4 = 0. Suppose -7*l + g = -134. List the prime factors of l.
2, 3
Suppose 2*a - 95 = -29. Let n(d) = -252 + a*d**2 + 252 - 21*d. List the prime factors of n(3).
2, 3, 13
Let w(a) = 3*a + 24. Let q = 60 - 54. Suppose -5*f + 3 = -q*f, -3*h + f = -21. What are the prime factors of w(h)?
2, 3, 7
Suppose 2*m - 17 = 5*w, -4*m + w + 4*w + 29 = 0. What are the prime factors of (476/m)/(9 + 798/(-90))?
5, 7, 17
Suppose -197*q + 201*q = 12. Let l be (-1)/q*2/1*-3. Suppose -53 + 289 = l*r. List the prime factors of r.
2, 59
Suppose 27*y = 26*y + 7. Let s be (-93)/y - (-4)/14. Let i = s + 82. What are the prime factors of i?
3, 23
Suppose 1 = -n + 173. Suppose -3*c = u - n, -4*u + 672 = 3*c + c. Suppose 5*p - 513 = -4*a, a + u = 5*p - 362. What are the prime factors of p?
3, 5, 7
Let l(i) = -i**3 - 10*i**2 - 20*i - 3. Suppose 19*j = -0*j - 114. Let x be l(j). What are the prime factors of (-6)/x - (-2230)/9?
2, 31
Let w(a) = -3*a - 44. Let v be w(-11). Let y be 15*(0 + 1 - (-11 - v)). Suppose 3*f = y, 2*b + 3*f - 19 - 24 = 0. List the prime factors of b.
2, 7
Let s(r) = 20*r**2 + 126*r + 1058. What are the prime factors of s(-10)?
2, 29, 31
Let s(b) = 24289*b**2 + 243*b + 490. List the prime factors of s(-2).
2, 5, 7, 347
Let w be (-325 + -6)/(3/(-18)*-3). Let q = 1061 + w. Suppose 2*v + q = 5*v + 3*k, k = 2*v - 263. List the prime factors of v.
2, 3, 11
Let f(k) = -160*k + 870. What are the prime factors of f(-62)?
2, 5, 13, 83
Let n = -44 + 51. Suppose 2*w - 18 = -n*w. What are the prime factors of (15 - 2/w)/((-29)/(-232))?
2, 7
Let f be 8*30/24 + -8. Suppose 0 = -s - 4*q + 2378 - 702, 0 = -s + f*q + 1706. List the prime factors of s.
2, 53
Let s be (-28)/8 - -3 - 27/(-6). Suppose s*u = 120 + 1828. List the prime factors of u.
487
Suppose t = -4*h + h + 10, 5*t = -h - 20. Let m be 20/h - 3 - -1. Suppose -f - x = m*f - 108, 0 = 5*f - 2*x - 180. List the prime factors of f.
2, 3
Let o be (-6)/(-4) + 156/(-8)*-91. Suppose -23*j = -20*j - o. List the prime factors of j.
2, 37
Let q be (-1)/(-6 + 2 + 6 + -3). List the prime factors of q + 3/(-12) - (-24882)/104.
2, 3, 5
Let g = -38 - -75. Let x be 4/((6/20)/3). Suppose -h = -x - g. List the prime factors of h.
7, 11
Let y be -10 + (-36)/(2 + 4). List the prime factors of -12*6/y*14.
3, 7
Let c(i) = -4*i + 10 - 4*i**2 + 8*i**2 + 100*i**3 - 8*i + 5*i**3. What are the prime factors of c(2)?
2, 421
Suppose -111*a = -3*p - 112*a + 22181, 36973 = 5*p - 3*a. List the prime factors of p.
2, 3697
Let l = 183 - 180. Suppose l*n = 4*h + 1284, 4*n = -h + 1379 + 333. What are the prime factors of n?
2, 107
Let i = -7283 + 13006. List the prime factors of i.
59, 97
Suppose 0 = -2*k + 6*k - 8. Suppose -347 = m + k*i, m + 261 = -4*i - 86. Let y = m - -543. List the prime factors of y.
2, 7
Suppose 6*l = -6*l. Suppose 0 = 3*a + j - 296 - 461, -a - 2*j + 259 = l. List the prime factors of a.
251
Let b be 1352 - (10/35 - 92/28). Suppose -4*g = -2*m + 922, -5*m - g = -2*m - b. List the prime factors of m.
3, 151
Suppose -7*t + 2*t + 2690 = 0. Suppose 3*g = 7*z - 3*z + 409, 4*g = -2*z + t. List the prime factors of g.
3, 5
Let q(v) = -71*v**3 + v**2 + 2*v - 2. Let o be q(1). Let z be (8/(-10) + 0)/(14/o). Suppose z*i - 3*h - 181 = 0, 11 + 38 = i + 3*h. List the prime factors of i.
2, 23
Let l be (12/3)/(-7 - -17)*620. Let o = l + -221. List the prime factors of o.
3
Suppose 192*n + 8640 = 194*n. List the prime factors of n.
2, 3, 5
Let s = -1726 - -32841. List the prime factors of s.
5, 7, 127
Let y = 29 + -20. Let r(h) = h**2 - 10*h + 6. Let c be r(y). List the prime factors of (-16)/c + -6 - (-70)/6.
11
Suppose 1815 = -30*c + 35*c. Let q = c + 55. List the prime factors of q.
2, 11, 19
Let f(z) = -70*z**3 + 2*z**2 + 3*z + 2. Let i be f(-1). Suppose -6*d + i + 43 = 0. Suppose 4*l - 87 = -d. List the prime factors of l.
17
Suppose -2*f + 94669 = -237. List the prime factors of f.
7, 6779
Let o = -247 + 263. Let u(w) = 7*w - 40. List the prime factors of u(o).
2, 3
Suppose 0 = -4*z - 2*z - 30. Let x = z - -11. Suppose -110 = -3*d + 4*w, -x*d - w = -2*d - 153. What are the prime factors of d?
2, 19
Suppose -2*k - 2*r + 63674 = 0, 5*r + 31843 = -61*k + 62*k. What are the prime factors of k?
2, 15919
Suppose 0 = -48*k + 51*k + 4*i - 67566, 3*k - 4*i = 67566. List the prime factors of k.
2, 11261
Suppose -5*b + 3*j + 61 = 0, 3*b + j = -0*b + 45. Suppose 0 = -13*y + b*y - 93. What are the prime factors 